p) = p**3 + 44*p**2 - 250*p - 150. What is the ten thousands digit of u(23)?
2
Let n(z) = -z**3 - 15*z**2 + 68*z + 61. Let c(p) = 4*p**3 + 59*p**2 - 273*p - 245. Let v(w) = -2*c(w) - 9*n(w). What is the units digit of v(-18)?
5
Suppose -7*b + 2*b + 4*t + 13165 = 0, 5*t + 2633 = b. Let s = b - 564. What is the units digit of s?
9
Let k be 2/17 - 1212/(-102). Let z(y) = 27*y - 4. What is the units digit of z(k)?
0
Suppose -3*y = -q + 25455, 2*y - 27943 = -2*q + 22935. What is the thousands digit of q?
5
Let o(l) be the second derivative of -3*l**3/2 - 23*l**2/2 + 26*l. Let b(u) = u**3 + 3*u**2 - 7*u - 2. Let x be b(-5). What is the units digit of o(x)?
0
Let d = 27 - 5. Let l = 19 - d. What is the units digit of (53/l*2)/(8/(-12))?
3
Let d = -28342 + 33589. What is the hundreds digit of d?
2
Let s(q) = 2*q**3 + 12*q**2 - 2*q + 3. Let c be s(-6). Suppose -c*g = -14 - 226. What is the tens digit of g?
1
Suppose 41*w - 15*w - 213434 = 0. What is the units digit of w?
9
Let o(z) = 2*z**2 + z - 1. Let n(h) = -785*h**2. Let j(t) = -2*n(t) + 2*o(t). What is the units digit of j(1)?
4
Let u(q) = -6*q**2 + 3 - 8 - 5 + 2 + 86*q. What is the tens digit of u(10)?
5
What is the tens digit of (31/((-558)/90))/(5/(-38575))?
7
Let m(r) = r**3 - 26*r**2 - 11*r - 26. Suppose 0 = -z - 2*k + 34, -13*z + 14*z + 5*k - 43 = 0. What is the units digit of m(z)?
4
Suppose 0 = -6*l + 11*l - 85. Let h(k) = k**2 - 4*k - 23. What is the tens digit of h(l)?
9
What is the hundreds digit of -7 + (8/(-2) + 45)*173?
0
Let d be ((-2)/5)/(1/(-15)). Let y = -307 + 305. What is the units digit of 2/((-4)/y)*d?
6
Suppose -4*g = -5*n + 60, 4*n + 2*g - 74 = -0*n. What is the units digit of 1708/n + ((-4)/(-16))/1?
7
Let m(t) = -3*t**3 + 2*t**2 + 43*t - 34. What is the units digit of m(-8)?
6
Let d(a) be the third derivative of -a**5/5 + 89*a**4/24 - a**3/2 - a**2 - 20*a. What is the units digit of d(5)?
2
Suppose 183*i + 7 = 190*i. What is the tens digit of 660 + (i - (1 + -1))?
6
Let v = 21 + -24. Let z(p) = p**3 + p**2 - 7*p - 8. Let a be z(v). Let g(i) = -30*i + 24. What is the hundreds digit of g(a)?
1
Let n(h) be the third derivative of 0 + 17/24*h**4 + 22/3*h**3 + 0*h + 23*h**2. What is the hundreds digit of n(7)?
1
Let l be (-4370)/(-92) + (-2 + 0)/(-4). Let y = l + -57. What is the tens digit of ((-36)/(-5))/(y*(-7)/420)?
4
Let m be 2053450/665 + 4/38. Suppose -18*l + 12518 = -m. What is the tens digit of l?
6
What is the ten thousands digit of ((-16239)/(-4))/((-63)/(-168))?
1
Let f(t) = -20 + t**3 + 1275*t**2 + 3 - 3*t - 1268*t**2. Let w be f(-7). Suppose -4*c + 575 = -3*n, 2*n + 570 = -0*c + w*c. What is the hundreds digit of c?
1
Let k(v) = 27*v**2 - 5*v - 12. Suppose -2*p + 3*p + 5*t = 2, 4*t + 8 = -4*p. What is the hundreds digit of k(p)?
2
Suppose 3*c = -3*a + 27339, 2*c + 4*a - 7*a - 18221 = 0. What is the thousands digit of c?
9
Let x(r) = 23096*r**3 + 2*r**2 - 13*r + 13. What is the thousands digit of x(1)?
3
Let i(g) = -g**3 + 56*g**2 - 135*g - 142. What is the units digit of i(43)?
0
Suppose 0 = -5*w + 11905 - 1605. Suppose 17*x - w = -3*x. What is the tens digit of x?
0
Let r be -4 - (-4)/((-4)/(-21)). Let h = r + 63. What is the units digit of h?
0
Suppose 2*g + 35 = 5*x, 5*g = -x - 1 - 19. Suppose x*s = -4*d + 3830, -12*s = -14*s - 5*d + 1549. What is the tens digit of s?
6
Let t(c) = 4*c**2 + 52*c - 69. What is the thousands digit of t(-35)?
3
Let b(h) = 201*h. Let v be b(-2). Let n = v - -592. What is the units digit of n?
0
Suppose 3*k - 121659 = -3*b, -4*b + 5*k + 175428 = 13171. What is the ten thousands digit of b?
4
Suppose 2*q - 2*b = q + 11, 3*q - 19 = -b. Let a be (-12)/36 + q/3. Suppose 0 = -a*x + 6 + 28. What is the units digit of x?
7
Let b = 34640 - 22219. What is the ten thousands digit of b?
1
Suppose 3*u - 37 = 269. Let t(f) = 3*f**3 + 5*f**2 + 7*f + 2. Let p be t(-2). Let r = u - p. What is the units digit of r?
8
Let x = -219 - -428. Let j = x - 28. What is the tens digit of j?
8
Let t = 39919 - 1681. What is the ten thousands digit of t?
3
Let r = -330 + 332. Suppose -2 = -r*w, -3*w = 2*o + 2*w - 627. What is the units digit of o?
1
Let o(x) = 2 - 420*x + 23 + 431*x + x**2. Let h be o(-9). Let n = h + 101. What is the tens digit of n?
0
Let h = 22982 + -10380. What is the tens digit of h?
0
Let c = 72181 - 28199. What is the ten thousands digit of c?
4
Let k = -9 - -29. What is the tens digit of 5/(-20) + 3525/k?
7
Let p(n) be the first derivative of 62*n**3/3 - 5*n**2/2 - 12*n + 213. What is the units digit of p(-2)?
6
Let s = -4656 - -24045. What is the units digit of s?
9
Let j(l) = -13*l**2 + 11*l + 6. Suppose -z + t - 5 = 0, -3*z + 4*t + t - 17 = 0. Let d be j(z). Let p = d - -351. What is the tens digit of p?
0
Let p(s) = -s**3 - 35*s**2 - 50*s - 101. What is the units digit of p(-34)?
3
Let p = 8475 - 1370. What is the tens digit of p?
0
Let g be 17 - ((-34)/16 + 6/48). Suppose 2768 = g*d - 15*d. What is the units digit of d?
2
Suppose 4*y - 5*m - 5 = 2*y, -3*y = -m - 40. Suppose 0 = 13*f - y*f + 1098. What is the tens digit of f?
4
Suppose 8*i - 366 = 2*q + 3*i, 5*i + 574 = -3*q. Let l be 4/10 + 21/((-105)/(-1408)). Let x = q + l. What is the tens digit of x?
9
Let j be (-1 - 2)/(-3) + 2. Suppose 5*w - w - 2*f - 24 = 0, -5*f + 10 = 4*w. Suppose 0 = w*x + 20, j*x = r - 3*r + 92. What is the tens digit of r?
5
Let s(n) = 4 - 92*n + 3 + 1 + 91*n. Let x be s(6). Suppose -5*q - 5*a = -a - 42, -x*a = -6. What is the units digit of q?
6
Let d = -22852 + 25217. What is the hundreds digit of d?
3
Let o(f) = f**2 + 2*f - 12. Let g be o(5). Let z(i) = i**2 + 4*i - 1. What is the hundreds digit of z(g)?
6
Suppose 5*f + 16 = -3*l, 5*l + 51 - 15 = f. Let o(u) = -3*u**3 - 12*u**2 - 4*u - 18. What is the units digit of o(l)?
1
Let y = 36 + -1911. Let d = -203 - y. What is the units digit of d?
2
Suppose -333*u = -337*u + 4*m + 92412, -u - 14*m = -23058. What is the hundreds digit of u?
1
Let k = -83 - -48. Let p = 32 + k. What is the tens digit of p + (-5)/((-25)/480)?
9
Let g(c) be the first derivative of -77*c**2/2 + 52*c - 152. What is the hundreds digit of g(-10)?
8
Suppose 0 = 5*x - 0*x - 160. Let j be (x/(-14))/(28/(-98)). What is the tens digit of (-10*(-36)/j)/1?
4
Let w(p) = p**2 - 15*p. Let v be w(11). Let o = 60 + v. Suppose -9*n - 329 = -o*n. What is the tens digit of n?
4
What is the hundreds digit of (-136)/1156 - 78185/(-17)?
5
Suppose 5 - 11 = 3*j. Let z be 18/9 - (44 - j). Let v = 76 + z. What is the tens digit of v?
3
Let q be (2 + -14)/((-12)/8). Let y be 318/q + 24/96. Let x = 156 - y. What is the units digit of x?
6
Let k(u) = -u**2 + 3*u - 6. Let m be k(4). Let q be 1/(5/m + 1). Suppose q*y - 4*y = -b - 117, -5*y + 290 = -3*b. What is the tens digit of y?
6
Suppose -z = 3*x + 3*z - 7, 0 = -4*x + z + 22. Suppose x*i = 3*i + 4. Suppose 80 = 3*y + i*b - 366, 4*y = 5*b + 633. What is the tens digit of y?
5
Suppose 3*w + 2*w - 4*s - 2 = 0, -3*s + 12 = 3*w. Suppose -w*u = -2*n - 2*n + 506, -3*n - 2*u = -362. What is the units digit of n?
4
Let m(w) = 111*w - 1. Let g(b) = -333*b + 8. Let o(i) = 6*g(i) + 17*m(i). What is the tens digit of o(-6)?
9
Suppose 5*i - 5*g = 2520, -2*g - 489 = -i - 4*g. Suppose 12*l - 264 = -32*l. Suppose -4*o = -2*o - l, 4*k = 3*o + i. What is the units digit of k?
7
Let q = 2207 + 8517. What is the tens digit of q?
2
What is the ten thousands digit of (-130458)/(-11) + 532/2926?
1
Let s = 20 + -18. Suppose -w = -s*o - 33, 5 = w - 0. Let g = o + 55. What is the tens digit of g?
4
Let m(v) = 3*v**3 + 14*v**2 - 14*v - 18. Let p be m(-8). Let c = p - -1464. What is the units digit of c?
8
Suppose -z = 909*p - 908*p - 11889, 2*z - 5*p = 23792. What is the hundreds digit of z?
8
Suppose 5*j - 2*c - 188038 = -40702, 0 = 8*j + c - 235725. What is the tens digit of j?
6
Let x(q) = -q**3 - 10*q**2 + 12*q + 10. Let b be x(-11). Let g be (169 - 2*b) + -2 + 4. Suppose g = 3*v + 26. What is the units digit of v?
9
What is the hundreds digit of (2 - (-22)/11)*(4374/(-8))/(-1)?
1
Let l(f) = 2*f**3 + 31*f**2 - 22*f - 19. Let h be 2/2*(-48)/3. What is the units digit of l(h)?
7
Suppose 2*t + 84 = 5*a, t = 5*t - 4*a + 168. Let j be 2/(-4) + 147/t. What is the tens digit of (-2)/(-1*j/(-88))?
4
Let n(o) = -15*o - 66. Let v b